 23
List the prime factors of 540.
2, 3, 5
What are the prime factors of 1343?
17, 79
What are the prime factors of 54445?
5, 10889
What are the prime factors of 8796?
2, 3, 733
List the prime factors of 936.
2, 3, 13
List the prime factors of 1287.
3, 11, 13
What are the prime factors of 33630?
2, 3, 5, 19, 59
What are the prime factors of 321?
3, 107
List the prime factors of 9183.
3, 3061
List the prime factors of 940.
2, 5, 47
What are the prime factors of 13173?
3, 4391
What are the prime factors of 28042?
2, 7, 2003
List the prime factors of 7747.
61, 127
What are the prime factors of 6250?
2, 5
List the prime factors of 2444.
2, 13, 47
What are the prime factors of 4326?
2, 3, 7, 103
List the prime factors of 1204.
2, 7, 43
List the prime factors of 36108.
2, 3, 17, 59
List the prime factors of 4860.
2, 3, 5
What are the prime factors of 1268?
2, 317
What are the prime factors of 1972?
2, 17, 29
List the prime factors of 3204.
2, 3, 89
List the prime factors of 54055.
5, 19, 569
List the prime factors of 15207.
3, 37, 137
List the prime factors of 1564.
2, 17, 23
What are the prime factors of 1385?
5, 277
List the prime factors of 52189.
52189
List the prime factors of 1422.
2, 3, 79
What are the prime factors of 29975?
5, 11, 109
What are the prime factors of 556?
2, 139
List the prime factors of 1981.
7, 283
List the prime factors of 8020.
2, 5, 401
List the prime factors of 7570.
2, 5, 757
List the prime factors of 459.
3, 17
List the prime factors of 56388.
2, 3, 37, 127
List the prime factors of 592.
2, 37
What are the prime factors of 3956?
2, 23, 43
List the prime factors of 50496.
2, 3, 263
What are the prime factors of 13895?
5, 7, 397
What are the prime factors of 13424?
2, 839
What are the prime factors of 58094?
2, 31, 937
What are the prime factors of 33186?
2, 3, 5531
What are the prime factors of 53382?
2, 3, 7, 31, 41
List the prime factors of 12899.
12899
What are the prime factors of 3681?
3, 409
List the prime factors of 7503.
3, 41, 61
List the prime factors of 110.
2, 5, 11
What are the prime factors of 2759?
31, 89
What are the prime factors of 5458?
2, 2729
What are the prime factors of 9582?
2, 3, 1597
What are the prime factors of 2766?
2, 3, 461
What are the prime factors of 20570?
2, 5, 11, 17
List the prime factors of 99975.
3, 5, 31, 43
What are the prime factors of 852?
2, 3, 71
What are the prime factors of 32426?
2, 31, 523
What are the prime factors of 1549?
1549
What are the prime factors of 21327?
3, 7109
List the prime factors of 4888.
2, 13, 47
What are the prime factors of 13005?
3, 5, 17
What are the prime factors of 13269?
3, 4423
What are the prime factors of 557?
557
List the prime factors of 25303.
25303
What are the prime factors of 4817?
4817
List the prime factors of 1507.
11, 137
List the prime factors of 130.
2, 5, 13
What are the prime factors of 173104?
2, 31, 349
What are the prime factors of 8464?
2, 23
List the prime factors of 6430.
2, 5, 643
What are the prime factors of 37411?
11, 19, 179
What are the prime factors of 129120?
2, 3, 5, 269
What are the prime factors of 9863?
7, 1409
List the prime factors of 81181.
81181
What are the prime factors of 1168?
2, 73
List the prime factors of 79287.
3, 13, 19, 107
What are the prime factors of 26971?
7, 3853
What are the prime factors of 1946?
2, 7, 139
List the prime factors of 5193.
3, 577
List the prime factors of 78760.
2, 5, 11, 179
List the prime factors of 23755.
5, 4751
List the prime factors of 6321.
3, 7, 43
What are the prime factors of 21565?
5, 19, 227
What are the prime factors of 52393?
11, 433
What are the prime factors of 85750?
2, 5, 7
What are the prime factors of 4122?
2, 3, 229
List the prime factors of 65956.
2, 11, 1499
What are the prime factors of 34288?
2, 2143
What are the prime factors of 1004?
2, 251
What are the prime factors of 489?
3, 163
List the prime factors of 535.
5, 107
What are the prime factors of 4598?
2, 11, 19
List the prime factors of 15663.
3, 23, 227
What are the prime factors of 960?
2, 3, 5
What are the prime factors of 62802?
2, 3, 1163
What are the prime factors of 3520?
2, 5, 11
What are the prime factors of 1167?
3, 389
List the prime factors of 21787.
21787
What are the prime factors of 25492?
2, 6373
What are the prime factors of 39557?
7, 5651
What are the prime factors of 60?
2, 3, 5
What are the prime factors of 4769?
19, 251
List the prime factors of 602.
2, 7, 43
What are the prime factors of 3788?
2, 947
List the prime factors of 61.
61
What are the prime factors of 6812?
2, 13, 131
List the prime factors of 19336.
2, 2417
List the prime factors of 9876.
2, 3, 823
List the prime factors of 227.
227
List the prime factors of 1498.
2, 7, 107
List the prime factors of 1509.
3, 503
List the prime factors of 7204.
2, 1801
List the prime factors of 9410.
2, 5, 941
List the prime factors of 401.
401
What are the prime factors of 24152?
2, 3019
What are the prime factors of 36895?
5, 47, 157
What are the prime factors of 702?
2, 3, 13
What are the prime factors of 46815?
3, 5, 3121
What are the prime factors of 7139?
11, 59
What are the prime factors of 6629?
7, 947
List the prime factors of 509.
509
List the prime factors of 5370.
2, 3, 5, 179
List the prime factors of 8463.
3, 7, 13, 31
List the prime factors of 204.
2, 3, 17
List the prime factors of 3887.
13, 23
What are the prime factors of 2046?
2, 3, 11, 31
List the prime factors of 36.
2, 3
List the prime factors of 7591.
7591
List the prime factors of 6137.
17, 19
List the prime factors of 967.
967
List the prime factors of 15769.
13, 1213
What are the prime factors of 23873?
23873
List the prime factors of 82354.
2, 41177
List the prime factors of 13963.
13963
List the prime factors of 488.
2, 61
What are the prime factors of 73097?
67, 1091
What are the prime factors of 2801?
2801
List the prime factors of 24409.
7, 11, 317
What are the prime factors of 4647?
3, 1549
List the prime factors of 1347.
3, 449
What are the prime factors of 3103?
29, 107
What are the prime factors of 1705?
5, 11, 31
What are the prime factors of 32?
2
What are the prime factors of 100474?
2, 11, 4567
List the prime factors of 3246.
2, 3, 541
List the prime factors of 657.
3, 73
List the prime factors of 4668.
2, 3, 389
List the prime factors of 553.
7, 79
What are the prime factors of 1413?
3, 157
List the prime factors of 11680.
2, 5, 73
List the prime factors of 849.
3, 283
What are the prime factors of 1333?
31, 43
What are the prime factors of 15189?
3, 61, 83
List the prime factors of 95129.
251, 379
What are the prime factors of 3698?
2, 43
List the prime factors of 6483.
3, 2161
List the prime factors of 597.
3, 199
List the prime factors of 18134.
2, 9067
List the prime factors of 3277.
29, 113
What are the prime factors of 1630?
2, 5, 163
List the prime factors of 879.
3, 293
What are the prime factors of 62271?
3, 11, 17, 37
What are the prime factors of 1368?
2, 3, 19
What are the prime factors of 143063?
143063
What are the prime factors of 5306?
2, 7, 379
List the prime factors of 51306.
2, 3, 17, 503
What are the prime factors of 86499?
3, 7, 1373
What are the prime factors of 3849?
3, 1283
List the prime factors of 13538.
2, 7, 967
List the prime factors of 2033.
19, 107
What are the prime factors of 6362?
2, 3181
List the prime factors of 7927.
7927
What are the prime factors of 918?
2, 3, 17
List the prime factors of 156.
2, 3, 13
What are the prime factors of 7342?
2, 3671
What are the prime factors of 6453?
3, 239
What are the prime factors of 7210?
2, 5, 7, 103
What are the prime factors of 3455?
5, 691
List the prime factors of 3811.
37, 103
What are the prime factors of 2099?
2099
List the prime factors of 8444.
2, 2111
List the prime factors of 4785.
3, 5, 11, 29
What are the prime factors of 1109?
1109
List the prime factors of 21458.
2, 10729
What are the prime factors of 7095?
3, 5, 11, 43
List the prime factors of 25678.
2, 37, 347
What are the prime factors of 63551?
103, 617
What are the prime factors of 1276?
2, 11, 29
What are the prime factors of 10270?
2, 5, 13, 79
List the prime factors of 1002.
2, 3, 167
List the prime factors of 1099.
7, 157
List the prime factors of 35853.
3, 17, 19, 37
List the prime facto